**2. Let q be n(-6). Let y = q + -5. What is the units digit of y?
1
Suppose 3*d = 2*g - 2*d, 5*d = g. Suppose 0 = -4*q - r, g = 3*q - 3*r + 4*r + 1. What is the units digit of q?
1
Let n = 134 + -80. What is the units digit of (-384)/(-27) - 12/n?
4
Let f be (-27)/(1 + (-14)/8). Suppose -3*w + 7*w - f = 0. What is the units digit of w?
9
Let g(x) = x**2 - x + 1. Let o(r) = -7*r**2 + 5*r - 2. Suppose -v - 2*f = 9, -v + 2*f = -6 - 1. Let y(t) = v*o(t) - 3*g(t). What is the tens digit of y(2)?
1
Let x be (-4)/14 - (-228)/(-84). What is the units digit of 2/x*-3 + 11?
3
Let m(w) be the second derivative of -w**3/6 + 3*w**2 - 5*w. Suppose -4*f + 5*x - 5 - 38 = 0, 0 = f + 3*x - 2. What is the tens digit of m(f)?
1
Suppose -6*w + 1015 = w. What is the hundreds digit of w?
1
Let u(a) = a + 2. Let r be u(-4). Let z = r + 12. What is the units digit of z/8*(-16)/(-4)?
5
Let p = 2 - 1. Suppose -3*w = -4*g + 23, -2*g - w = -p + 2. What is the units digit of g?
2
Let a = 194 + -96. What is the units digit of a?
8
What is the tens digit of 58/(-4)*(-3 - 2/(-2))?
2
Let q = -12 + 33. What is the units digit of q + -5 + (-9)/(-3)?
9
Let i be (-2)/(-4)*0/(-2). Suppose h - 6 = -i. What is the units digit of h?
6
Let k = 17 - 15. Suppose 5*c - 5*m = 105, k*m = -0*m. What is the tens digit of c?
2
Let i(p) = -24*p + 3. Let m(q) = 12*q - 1. Let g(s) = -2*i(s) - 5*m(s). What is the units digit of g(-1)?
1
Suppose -4*i + 14 = -350. Let o = -42 + i. What is the tens digit of o?
4
Suppose o - 143 + 78 = 0. What is the units digit of o?
5
Suppose -a + 34 = -48. What is the tens digit of a?
8
Let t = -15 + 21. Suppose t + 14 = 2*k. What is the tens digit of k?
1
Let a be -4*4/((-24)/9). Suppose -4 = 5*m + 3*j, -3*m - 2*m - a = 2*j. Let p = 3 - m. What is the units digit of p?
5
Let c = -15 + 19. Suppose -93 = -3*z + 2*j, 3*z + 59 = -c*j + 152. What is the units digit of z?
1
Let l(j) = -2*j**3 - j**2 + 3*j + 2. Suppose -2*p - 16 = 3*a, 2*a - 6*a - 2*p = 18. What is the units digit of l(a)?
8
Let p(n) = n**2 + 5*n - 4. Let y be p(-6). Let u = 3 + 4. Suppose 3*a - u = -h + 1, h = -y*a + 6. What is the units digit of a?
2
Suppose 15 = -5*s + 50. What is the units digit of 2/7 + 82/s?
2
What is the units digit of (1/6*2)/((-2)/(-24))?
4
Let w(h) = h**3 - h + 106. What is the units digit of w(0)?
6
Let m(t) = -t**2 - 7*t - 2. Let d be m(-7). Let z = 13 + d. What is the units digit of z?
1
Let a(c) = 12*c**2 - 3*c - 3. What is the units digit of a(-2)?
1
Suppose -g = u - 0*u - 7, g = -3*u + 13. Suppose g*x - 18 = h + 25, -5*h + 25 = 0. What is the tens digit of x?
1
Let m(o) = -89*o + 4. What is the tens digit of m(-1)?
9
What is the units digit of -1 + (-8)/(48/(-1050))?
4
Let p be (-4)/(-14) - 33/(-7). Suppose w - 1 - p = 0. What is the units digit of w?
6
Let g(y) = -7*y + 12. Let d(t) = -2*t**2 - 18*t + 14. Let m be d(-10). What is the units digit of g(m)?
4
What is the units digit of (3 + 9)*44/8?
6
Suppose -10*f = -15*f + 625. What is the hundreds digit of f?
1
Let p(k) = -k**2 + 11*k + 8. Let r be p(9). Suppose 0 = -c + 3*c - r. What is the units digit of c?
3
Let k = -13 - -27. Let m = 31 - k. What is the tens digit of m?
1
Suppose 0 = 2*i - 5*h + 14, 46 = 4*i + 5*h + 14. Suppose 5*j + 4*p - 92 = 0, -p + 38 = i*j - j. What is the tens digit of j?
2
Suppose 4*q - k - 4 = k, 4*k - 25 = -3*q. Suppose -4*y = -q*y - 22. What is the tens digit of y?
2
Let s(p) = p**3 - p**2 - p - 1. Let x be 3 + 2 + (1 - 3). What is the tens digit of s(x)?
1
Suppose -3*s + 27 = 3*r, -3*s + 3*r + 9 = -0. Let k = s - -2. What is the units digit of k?
8
Suppose 2*j + 3*b = 2, j - 2*j - 5*b + 8 = 0. What is the units digit of (-1 + j)/((-1)/1)?
3
Suppose 0 = s - 2*s. Suppose g - 3*u + 5*u + 1 = 0, s = -3*u - 3. Suppose 3 = 2*x + g. What is the units digit of x?
1
Suppose 0 = -4*m - 3*o - 18, 0 = -2*m - 2*m - o - 14. Suppose t + 5 = 3*j, -j = -0*j. Let p = m - t. What is the units digit of p?
2
Let f(v) = 11*v**2 - v**3 + 3*v**3 - 5 - 23*v**2 + 7*v**2 - 2*v. What is the units digit of f(4)?
5
Let g(l) be the second derivative of -l**3/6 + l**2 - 2*l. Let v be g(1). Let d(h) = 14*h. What is the tens digit of d(v)?
1
Suppose 5*l - s + 7 + 8 = 0, 6 = -2*l - s. Let b(n) = -n**3 + n**2 - n - 2. Let m be b(0). What is the units digit of (m*2)/(2/l)?
6
Let d = -63 + 198. Suppose -4*z = -7*z - 3*i + d, 2*z - 66 = 4*i. Suppose 5*l - z = 39. What is the units digit of l?
6
Let k(d) = 2*d - 3*d + 4*d. Let h be k(3). What is the units digit of ((-6)/h)/((-2)/3)?
1
Suppose -2*o + 0*o + 24 = 0. Suppose -38 = -4*a - 18. Suppose o = -a*m + 57. What is the units digit of m?
9
What is the tens digit of (-26)/(265/45 - 6)?
3
Let m(p) = p**3 - 3*p**2 + 6*p. What is the tens digit of m(5)?
8
Suppose 860 = 5*i - 4*v, -3*i + 514 = -0*v - 2*v. What is the tens digit of i?
6
Suppose -k = -3*t - 8, 0 = -4*k - 3*t - 2*t + 15. What is the units digit of k?
5
Suppose -5*t + 20 + 35 = 0. Suppose -3*b - t = 5*k, 2*k + 4 + 1 = -b. What is the units digit of b?
3
Let f(x) = -x**3 - 10*x**2 - 9*x + 4. Let u be f(-9). What is the units digit of (u - (-1 + 3)) + 28?
0
Let t = -16 + 42. What is the tens digit of t?
2
Suppose 0 = 2*b - b. Suppose 3*f - 4*f + 13 = b. What is the units digit of f?
3
Suppose 8*q + 1510 = 18*q. What is the units digit of q?
1
What is the units digit of -6 + 55 + (-4)/1?
5
Suppose 112 + 24 = 4*a. What is the units digit of a?
4
Let o(g) be the third derivative of 3*g**2 + 0*g + 1/12*g**4 + 0 - 1/2*g**3. What is the units digit of o(4)?
5
Let n(k) = k**2 + 12*k - 84. What is the tens digit of n(9)?
0
Let z = 7 + -9. Let i be -2 + (-2 - (-10)/z). Let t = 18 + i. What is the units digit of t?
9
Let v(r) = 9*r + 2. What is the units digit of v(4)?
8
Suppose -4*b - 357 = -4*r - 3*b, 4*r - 347 = -b. What is the units digit of r?
8
Suppose -u + 76 + 51 = 0. What is the tens digit of u?
2
Suppose -3*l + 4*c = 102, -5*l - 92 - 49 = 3*c. Let d be (-2)/3*l/4. Suppose -43 - d = -4*w. What is the units digit of w?
2
Let t(n) = -5*n**2 + 23*n + 15. Let r(m) = 3*m**2 - 15*m - 10. Let o(s) = -8*r(s) - 5*t(s). What is the units digit of o(-4)?
1
Let f = 331 - 74. What is the tens digit of f?
5
Let g(m) = -m**2 + 5*m + 1. Let n be g(4). Suppose 20 = n*w - 5. What is the units digit of w?
5
Let j be (-14)/(-4)*(-2)/1. Let n = -75 + 63. Let t = j - n. What is the units digit of t?
5
What is the hundreds digit of 4/(-8)*103*-2?
1
Suppose -2*s - 9 = -3*s. Let y = s - 4. What is the units digit of y?
5
Let q(k) = k**3 + k**2 - 9. What is the tens digit of q(5)?
4
Suppose -2*u + 4*f - 4 = -32, -11 = -4*u - f. Suppose -3*s = 5*k - 8, -2*s - 2*k = -u*k - 32. What is the tens digit of s?
1
Suppose 4*t - 29 = 3*t. What is the tens digit of t?
2
Suppose -s = -5 - 7. Let d be ((-6)/9)/((-2)/15). Suppose -d*r + 38 = -s. What is the units digit of r?
0
Suppose -4*m + 0*c + c = -108, 0 = 2*m - 5*c - 72. What is the tens digit of m?
2
Let o(x) = 2*x - 3. Let r be o(3). Suppose -r*v + 25 = -2. What is the units digit of v?
9
Suppose 5*x + 812 = -o, 2*x - 496 = 5*x + 5*o. What is the tens digit of (-1)/7 - x/7?
2
Suppose 2*h - 9 = -h. Suppose 0 = -3*b - h*j + 132, -5*b + 27 = -5*j - 233. Suppose 0 = -g - 3*g + b. What is the tens digit of g?
1
Let d = -13 + 9. Let z = 2 + d. What is the units digit of (z/(-3))/(2/9)?
3
Let b be 48 - 3 - (0 - -3). Suppose 0 = 2*j - 4*j + b. What is the units digit of j?
1
Suppose -11 = -n - 4*l - 0*l, -n + l = -31. What is the tens digit of n?
2
Suppose 9 = 3*h - 0*h, 5*m + 5*h = 25. Suppose 2*z = -m*z + 16. Suppose z*j = 0, 2*i + j - 12 = -2*j. What is the units digit of i?
6
Let d be 3/4*(1 + 63). Suppose -2*l + 34 = -d. What is the tens digit of l?
4
Let r = 19 + -16. Suppose r*y - 19 - 35 = 0. What is the tens digit of y?
1
Let t = 63 + -22. Suppose 4*q - 27 - t = 0. Suppose q = 2*p - p. What is the units digit of p?
7
Let c = -12 + 14. Suppose -c*y + 39 = y. What is the tens digit of y?
1
Let r(c) be the first derivative of -c**3/3 - 2*c**2 + 5*c + 1. Let p(z) = z**3 + 4*z**2 + 4*z - 1. Let o be p(-3). What is the units digit of r(o)?
5
Suppose 2*v + 8 = 26. Let l = -20 - -29. Let k = v + l. What is the tens digit of k?
1
Let f(n) = -2*n - 10. Let z be f(-10). Let g = z - 7. What is the units digi